{"id":35,"date":"2023-12-04T15:11:12","date_gmt":"2023-12-04T14:11:12","guid":{"rendered":"https:\/\/lidz.co\/index.php\/terms-of-use\/"},"modified":"2024-01-30T14:51:49","modified_gmt":"2024-01-30T13:51:49","slug":"terms-of-use","status":"publish","type":"page","link":"https:\/\/lidz.co\/index.php\/terms-of-use\/","title":{"rendered":"Mentions l\u00e9gales &#038; Politique de confidentialit\u00e9"},"content":{"rendered":"\t\t<div data-elementor-type=\"wp-page\" data-elementor-id=\"35\" class=\"elementor elementor-35\" data-elementor-post-type=\"page\">\n\t\t\t\t<div class=\"elementor-element elementor-element-3e697d9b e-flex e-con-boxed e-con e-parent\" data-id=\"3e697d9b\" data-element_type=\"container\" data-e-type=\"container\">\n\t\t\t\t\t<div class=\"e-con-inner\">\n\t\t<div class=\"elementor-element elementor-element-73f91196 e-con-full e-flex e-con e-child\" data-id=\"73f91196\" data-element_type=\"container\" data-e-type=\"container\" data-settings=\"{&quot;background_background&quot;:&quot;classic&quot;}\">\n\t\t\t\t<div class=\"elementor-element elementor-element-2b8a647c elementor-view-stacked elementor-position-inline-start elementor-shape-circle elementor-mobile-position-block-start elementor-widget elementor-widget-icon-box\" data-id=\"2b8a647c\" data-element_type=\"widget\" data-e-type=\"widget\" data-widget_type=\"icon-box.default\">\n\t\t\t\t<div class=\"elementor-widget-container\">\n\t\t\t\t\t\t\t<div class=\"elementor-icon-box-wrapper\">\n\n\t\t\t\t\t\t<div class=\"elementor-icon-box-icon\">\n\t\t\t\t<span  class=\"elementor-icon\">\n\t\t\t\t<svg aria-hidden=\"true\" class=\"e-font-icon-svg e-fas-circle\" viewBox=\"0 0 512 512\" xmlns=\"http:\/\/www.w3.org\/2000\/svg\"><path d=\"M256 8C119 8 8 119 8 256s111 248 248 248 248-111 248-248S393 8 256 8z\"><\/path><\/svg>\t\t\t\t<\/span>\n\t\t\t<\/div>\n\t\t\t\n\t\t\t\t\t\t<div class=\"elementor-icon-box-content\">\n\n\t\t\t\t\t\t\t\t\t<h3 class=\"elementor-icon-box-title\">\n\t\t\t\t\t\t<span  >\n\t\t\t\t\t\t\tMentions l\u00e9gales\t\t\t\t\t\t<\/span>\n\t\t\t\t\t<\/h3>\n\t\t\t\t\n\t\t\t\t\n\t\t\t<\/div>\n\t\t\t\n\t\t<\/div>\n\t\t\t\t\t\t<\/div>\n\t\t\t\t<\/div>\n\t\t\t\t<div class=\"elementor-element elementor-element-2c0f96e2 elementor-widget elementor-widget-text-editor\" data-id=\"2c0f96e2\" data-element_type=\"widget\" data-e-type=\"widget\" data-widget_type=\"text-editor.default\">\n\t\t\t\t<div class=\"elementor-widget-container\">\n\t\t\t\t\t\t\t\t\t<p><strong>Nom de l&rsquo;Entreprise<\/strong>: Nenuu<\/p><p><strong>Forme juridique<\/strong>: SASU<\/p><p><strong>Adresse du si\u00e8ge social<\/strong>: 2110 route de Peypin d&rsquo;Aigues 84240 Grambois<\/p><p><strong>Num\u00e9ro d&rsquo;immatriculation<\/strong> : Avignon B 853 411 809<\/p><p><strong>Num\u00e9ro de TVA<\/strong> : FR76853411809<\/p><p><strong>Directeur de la publication<\/strong> : Cl\u00e9ment Gilly<\/p><p><strong>Contact<\/strong> :<\/p><ul><li>T\u00e9l\u00e9phone : 07 57 95 78 37<\/li><li>E-mail : clement@lidz.co<\/li><\/ul>\t\t\t\t\t\t\t\t<\/div>\n\t\t\t\t<\/div>\n\t\t\t\t<div class=\"elementor-element elementor-element-69074653 elementor-widget elementor-widget-text-editor\" data-id=\"69074653\" data-element_type=\"widget\" data-e-type=\"widget\" data-widget_type=\"text-editor.default\">\n\t\t\t\t<div class=\"elementor-widget-container\">\n\t\t\t\t\t\t\t\t\t<p>Hebergement du site<\/p>\t\t\t\t\t\t\t\t<\/div>\n\t\t\t\t<\/div>\n\t\t\t\t<div class=\"elementor-element elementor-element-1a701706 elementor-widget elementor-widget-text-editor\" data-id=\"1a701706\" data-element_type=\"widget\" data-e-type=\"widget\" data-widget_type=\"text-editor.default\">\n\t\t\t\t<div class=\"elementor-widget-container\">\n\t\t\t\t\t\t\t\t\t<p>Le site Lidz.co est h\u00e9berg\u00e9 par HOSTINGER, dont le si\u00e8ge social est situ\u00e9 <b>HOSTINGER INTERNATIONAL LTD, 61 Lordou Vironos Street, 6023 Larnaca, Chypre<\/b>, joignable par le moyen suivant : https:\/\/www.hostinger.fr\/contact.<\/p>\t\t\t\t\t\t\t\t<\/div>\n\t\t\t\t<\/div>\n\t\t\t\t<div class=\"elementor-element elementor-element-10ed9977 elementor-widget elementor-widget-text-editor\" data-id=\"10ed9977\" data-element_type=\"widget\" data-e-type=\"widget\" data-widget_type=\"text-editor.default\">\n\t\t\t\t<div class=\"elementor-widget-container\">\n\t\t\t\t\t\t\t\t\t<p><strong>Responsabilit\u00e9<\/strong> : La soci\u00e9t\u00e9 Nenuu s&rsquo;efforce d&rsquo;assurer l&rsquo;exactitude et la mise \u00e0 jour des informations publi\u00e9es sur ce site, dont elle se r\u00e9serve le droit de corriger, \u00e0 tout moment et sans pr\u00e9avis, le contenu. Toutefois, Nenuu ne peut garantir l&rsquo;exactitude, la pr\u00e9cision ou l&rsquo;exhaustivit\u00e9 des informations mises \u00e0 disposition sur ce site.<\/p><p><strong>Donn\u00e9es personnelles<\/strong> : Conform\u00e9ment \u00e0 la r\u00e9glementation en vigueur, les informations recueillies \u00e0 travers ce site sont destin\u00e9es \u00e0 Nenuu.\u00a0<\/p><p><strong>Liens hypertextes<\/strong> : Les liens hypertextes pr\u00e9sents sur le site orientant les utilisateurs vers d&rsquo;autres sites Internet n&rsquo;engagent pas la responsabilit\u00e9 de Nenuu quant au contenu de ces sites.<\/p><p><strong>Modification des mentions l\u00e9gales<\/strong> : Nenuu se r\u00e9serve le droit de modifier les pr\u00e9sentes mentions \u00e0 tout moment. L\u2019utilisateur est invit\u00e9 \u00e0 les consulter r\u00e9guli\u00e8rement.<\/p><p><strong>Droit applicable<\/strong> : Ce site et son contenu sont r\u00e9gis par le droit Fran\u00e7ais, et tout litige \u00e9ventuel s&rsquo;y rapportant sera soumis \u00e0 la comp\u00e9tence des tribunaux fran\u00e7ais, \u00e0 Avignon.<\/p>\t\t\t\t\t\t\t\t<\/div>\n\t\t\t\t<\/div>\n\t\t\t\t<div class=\"elementor-element elementor-element-199a546b elementor-absolute elementor-widget elementor-widget-menu-anchor\" data-id=\"199a546b\" data-element_type=\"widget\" data-e-type=\"widget\" data-settings=\"{&quot;_position&quot;:&quot;absolute&quot;}\" data-widget_type=\"menu-anchor.default\">\n\t\t\t\t<div class=\"elementor-widget-container\">\n\t\t\t\t\t\t\t<div class=\"elementor-menu-anchor\" id=\"privacy\"><\/div>\n\t\t\t\t\t\t<\/div>\n\t\t\t\t<\/div>\n\t\t\t\t<\/div>\n\t\t\t\t\t<\/div>\n\t\t\t\t<\/div>\n\t\t<div class=\"elementor-element elementor-element-36c0d1f4 e-flex e-con-boxed e-con e-parent\" data-id=\"36c0d1f4\" data-element_type=\"container\" data-e-type=\"container\">\n\t\t\t\t\t<div class=\"e-con-inner\">\n\t\t<div class=\"elementor-element elementor-element-1a84af62 e-con-full e-flex e-con e-child\" data-id=\"1a84af62\" data-element_type=\"container\" data-e-type=\"container\" data-settings=\"{&quot;background_background&quot;:&quot;classic&quot;}\">\n\t\t\t\t<div class=\"elementor-element elementor-element-2c1e6cb5 elementor-view-stacked elementor-position-inline-start elementor-shape-circle elementor-mobile-position-block-start elementor-widget elementor-widget-icon-box\" data-id=\"2c1e6cb5\" data-element_type=\"widget\" data-e-type=\"widget\" data-widget_type=\"icon-box.default\">\n\t\t\t\t<div class=\"elementor-widget-container\">\n\t\t\t\t\t\t\t<div class=\"elementor-icon-box-wrapper\">\n\n\t\t\t\t\t\t<div class=\"elementor-icon-box-icon\">\n\t\t\t\t<span  class=\"elementor-icon\">\n\t\t\t\t<svg aria-hidden=\"true\" class=\"e-font-icon-svg e-fas-circle\" viewBox=\"0 0 512 512\" xmlns=\"http:\/\/www.w3.org\/2000\/svg\"><path d=\"M256 8C119 8 8 119 8 256s111 248 248 248 248-111 248-248S393 8 256 8z\"><\/path><\/svg>\t\t\t\t<\/span>\n\t\t\t<\/div>\n\t\t\t\n\t\t\t\t\t\t<div class=\"elementor-icon-box-content\">\n\n\t\t\t\t\t\t\t\t\t<h3 class=\"elementor-icon-box-title\">\n\t\t\t\t\t\t<span  >\n\t\t\t\t\t\t\tPolitique de Confidentialit\u00e9 et Utilisation des Cookies\t\t\t\t\t\t<\/span>\n\t\t\t\t\t<\/h3>\n\t\t\t\t\n\t\t\t\t\n\t\t\t<\/div>\n\t\t\t\n\t\t<\/div>\n\t\t\t\t\t\t<\/div>\n\t\t\t\t<\/div>\n\t\t\t\t<div class=\"elementor-element elementor-element-29d628da elementor-widget elementor-widget-text-editor\" data-id=\"29d628da\" data-element_type=\"widget\" data-e-type=\"widget\" data-widget_type=\"text-editor.default\">\n\t\t\t\t<div class=\"elementor-widget-container\">\n\t\t\t\t\t\t\t\t\t<p><strong>Introduction<\/strong><\/p>\t\t\t\t\t\t\t\t<\/div>\n\t\t\t\t<\/div>\n\t\t\t\t<div class=\"elementor-element elementor-element-77d478e5 elementor-widget elementor-widget-text-editor\" data-id=\"77d478e5\" data-element_type=\"widget\" data-e-type=\"widget\" data-widget_type=\"text-editor.default\">\n\t\t\t\t<div class=\"elementor-widget-container\">\n\t\t\t\t\t\t\t\t\t<p>Chez Nenuu, nous nous engageons \u00e0 prot\u00e9ger la vie priv\u00e9e de nos clients et utilisateurs. Cette politique explique comment nous utilisons les informations personnelles que nous collectons lorsque vous utilisez notre site web.<\/p>\t\t\t\t\t\t\t\t<\/div>\n\t\t\t\t<\/div>\n\t\t\t\t<div class=\"elementor-element elementor-element-2b688c1 elementor-widget elementor-widget-text-editor\" data-id=\"2b688c1\" data-element_type=\"widget\" data-e-type=\"widget\" data-widget_type=\"text-editor.default\">\n\t\t\t\t<div class=\"elementor-widget-container\">\n\t\t\t\t\t\t\t\t\t<p><strong>Collecte des Donn\u00e9es Personnelles<\/strong><\/p>\t\t\t\t\t\t\t\t<\/div>\n\t\t\t\t<\/div>\n\t\t\t\t<div class=\"elementor-element elementor-element-d71db5f elementor-widget elementor-widget-text-editor\" data-id=\"d71db5f\" data-element_type=\"widget\" data-e-type=\"widget\" data-widget_type=\"text-editor.default\">\n\t\t\t\t<div class=\"elementor-widget-container\">\n\t\t\t\t\t\t\t\t\t<p>Nous collectons des informations vous concernant lorsque vous vous enregistrez sur notre site, passez une commande, vous abonnez \u00e0 notre newsletter ou utilisez nos services. Les informations collect\u00e9es peuvent inclure votre nom, adresse, adresse e-mail, num\u00e9ro de t\u00e9l\u00e9phone, pr\u00e9f\u00e9rences de paiement et autres informations pertinentes.<\/p>\t\t\t\t\t\t\t\t<\/div>\n\t\t\t\t<\/div>\n\t\t\t\t<div class=\"elementor-element elementor-element-7c717e6 elementor-widget elementor-widget-text-editor\" data-id=\"7c717e6\" data-element_type=\"widget\" data-e-type=\"widget\" data-widget_type=\"text-editor.default\">\n\t\t\t\t<div class=\"elementor-widget-container\">\n\t\t\t\t\t\t\t\t\t<p><strong>Utilisation des Donn\u00e9es<\/strong><\/p>\t\t\t\t\t\t\t\t<\/div>\n\t\t\t\t<\/div>\n\t\t\t\t<div class=\"elementor-element elementor-element-917d66f elementor-widget elementor-widget-text-editor\" data-id=\"917d66f\" data-element_type=\"widget\" data-e-type=\"widget\" data-widget_type=\"text-editor.default\">\n\t\t\t\t<div class=\"elementor-widget-container\">\n\t\t\t\t\t\t\t\t\t<p>Les informations que nous collectons sont utilis\u00e9es pour traiter vos commandes, g\u00e9rer votre compte, et, si vous \u00eates d&rsquo;accord, vous envoyer des informations sur d&rsquo;autres produits et services que nous proposons.<\/p>\t\t\t\t\t\t\t\t<\/div>\n\t\t\t\t<\/div>\n\t\t\t\t<div class=\"elementor-element elementor-element-8f22f06 elementor-widget elementor-widget-text-editor\" data-id=\"8f22f06\" data-element_type=\"widget\" data-e-type=\"widget\" data-widget_type=\"text-editor.default\">\n\t\t\t\t<div class=\"elementor-widget-container\">\n\t\t\t\t\t\t\t\t\t<p><strong>Partage des donn\u00e9es<\/strong><\/p>\t\t\t\t\t\t\t\t<\/div>\n\t\t\t\t<\/div>\n\t\t\t\t<div class=\"elementor-element elementor-element-2dacf8d elementor-widget elementor-widget-text-editor\" data-id=\"2dacf8d\" data-element_type=\"widget\" data-e-type=\"widget\" data-widget_type=\"text-editor.default\">\n\t\t\t\t<div class=\"elementor-widget-container\">\n\t\t\t\t\t\t\t\t\t<p>Nous ne vendons, ne louons et ne partageons pas vos informations personnelles avec des tiers sans votre consentement, sauf si la loi l&rsquo;exige.<\/p>\t\t\t\t\t\t\t\t<\/div>\n\t\t\t\t<\/div>\n\t\t\t\t<div class=\"elementor-element elementor-element-154dfa8 elementor-widget elementor-widget-text-editor\" data-id=\"154dfa8\" data-element_type=\"widget\" data-e-type=\"widget\" data-widget_type=\"text-editor.default\">\n\t\t\t\t<div class=\"elementor-widget-container\">\n\t\t\t\t\t\t\t\t\t<p><strong>Utilisation des cookies<\/strong><\/p>\t\t\t\t\t\t\t\t<\/div>\n\t\t\t\t<\/div>\n\t\t\t\t<div class=\"elementor-element elementor-element-d2a26c3 elementor-widget elementor-widget-text-editor\" data-id=\"d2a26c3\" data-element_type=\"widget\" data-e-type=\"widget\" data-widget_type=\"text-editor.default\">\n\t\t\t\t<div class=\"elementor-widget-container\">\n\t\t\t\t\t\t\t\t\t<p>Les cookies sont de petits fichiers textes plac\u00e9s sur votre ordinateur pour collecter des informations standard sur Internet et des informations sur le comportement des visiteurs. Nous utilisons des cookies pour :<\/p><ul><li>Comprendre et sauvegarder les pr\u00e9f\u00e9rences de l\u2019utilisateur pour de futures visites.<\/li><li>Compiler des donn\u00e9es agr\u00e9g\u00e9es sur le trafic et les interactions sur le site afin d&rsquo;offrir de meilleures exp\u00e9riences et outils \u00e0 l&rsquo;avenir.<\/li><\/ul><p>Vous pouvez choisir de d\u00e9sactiver les cookies via les param\u00e8tres de votre navigateur.<\/p><p><strong>S\u00e9curit\u00e9 des Donn\u00e9es<\/strong><br \/>Nous prenons la s\u00e9curit\u00e9 de vos informations personnelles tr\u00e8s au s\u00e9rieux et avons mis en place des mesures physiques, \u00e9lectroniques et administratives appropri\u00e9es pour s\u00e9curiser et prot\u00e9ger les donn\u00e9es que nous recueillons en ligne.<\/p>\t\t\t\t\t\t\t\t<\/div>\n\t\t\t\t<\/div>\n\t\t\t\t<div class=\"elementor-element elementor-element-8870830 elementor-widget elementor-widget-text-editor\" data-id=\"8870830\" data-element_type=\"widget\" data-e-type=\"widget\" data-widget_type=\"text-editor.default\">\n\t\t\t\t<div class=\"elementor-widget-container\">\n\t\t\t\t\t\t\t\t\t<p><strong>Vos droits<\/strong><\/p>\t\t\t\t\t\t\t\t<\/div>\n\t\t\t\t<\/div>\n\t\t\t\t<div class=\"elementor-element elementor-element-1bfc245 elementor-widget elementor-widget-text-editor\" data-id=\"1bfc245\" data-element_type=\"widget\" data-e-type=\"widget\" data-widget_type=\"text-editor.default\">\n\t\t\t\t<div class=\"elementor-widget-container\">\n\t\t\t\t\t\t\t\t\t<p>Vous avez le droit de demander une copie des informations que nous d\u00e9tenons \u00e0 votre sujet. Si vous souhaitez obtenir une copie de certaines ou de toutes vos informations personnelles, veuillez nous contacter. Vous pouvez \u00e9galement nous demander de corriger ou de supprimer les informations que vous jugez inexactes.<\/p>\t\t\t\t\t\t\t\t<\/div>\n\t\t\t\t<\/div>\n\t\t\t\t<div class=\"elementor-element elementor-element-71790ef elementor-widget elementor-widget-text-editor\" data-id=\"71790ef\" data-element_type=\"widget\" data-e-type=\"widget\" data-widget_type=\"text-editor.default\">\n\t\t\t\t<div class=\"elementor-widget-container\">\n\t\t\t\t\t\t\t\t\t<p><strong>Modifications de notre politique de confidentialit\u00e9<\/strong><\/p>\t\t\t\t\t\t\t\t<\/div>\n\t\t\t\t<\/div>\n\t\t\t\t<div class=\"elementor-element elementor-element-44c84b5 elementor-widget elementor-widget-text-editor\" data-id=\"44c84b5\" data-element_type=\"widget\" data-e-type=\"widget\" data-widget_type=\"text-editor.default\">\n\t\t\t\t<div class=\"elementor-widget-container\">\n\t\t\t\t\t\t\t\t\t<p>Nous r\u00e9visons r\u00e9guli\u00e8rement notre politique de confidentialit\u00e9 et publierons toute mise \u00e0 jour sur cette page web. Cette politique de confidentialit\u00e9 a \u00e9t\u00e9 mise \u00e0 jour pour la derni\u00e8re fois le 30\/01\/2024.<\/p><p><strong>Contact<\/strong><br \/>Pour toute question concernant notre politique de confidentialit\u00e9 ou les informations que nous d\u00e9tenons \u00e0 votre sujet, veuillez nous contacter via clement@lidz.co.<\/p>\t\t\t\t\t\t\t\t<\/div>\n\t\t\t\t<\/div>\n\t\t\t\t<\/div>\n\t\t\t\t\t<\/div>\n\t\t\t\t<\/div>\n\t\t\t\t<\/div>\n\t\t","protected":false},"excerpt":{"rendered":"<p>Mentions l\u00e9gales Nom de l&rsquo;Entreprise: Nenuu Forme juridique: SASU Adresse du si\u00e8ge social: 2110 route de Peypin d&rsquo;Aigues 84240 Grambois Num\u00e9ro d&rsquo;immatriculation : Avignon B 853 411 809 Num\u00e9ro de TVA : FR76853411809 Directeur de la publication : Cl\u00e9ment Gilly Contact : T\u00e9l\u00e9phone : 07 57 95 78 37 E-mail : clement@lidz.co Hebergement du site [&hellip;]<\/p>\n","protected":false},"author":1,"featured_media":0,"parent":0,"menu_order":0,"comment_status":"closed","ping_status":"closed","template":"elementor_header_footer","meta":{"footnotes":""},"class_list":["post-35","page","type-page","status-publish","hentry"],"_links":{"self":[{"href":"https:\/\/lidz.co\/index.php\/wp-json\/wp\/v2\/pages\/35","targetHints":{"allow":["GET"]}}],"collection":[{"href":"https:\/\/lidz.co\/index.php\/wp-json\/wp\/v2\/pages"}],"about":[{"href":"https:\/\/lidz.co\/index.php\/wp-json\/wp\/v2\/types\/page"}],"author":[{"embeddable":true,"href":"https:\/\/lidz.co\/index.php\/wp-json\/wp\/v2\/users\/1"}],"replies":[{"embeddable":true,"href":"https:\/\/lidz.co\/index.php\/wp-json\/wp\/v2\/comments?post=35"}],"version-history":[{"count":14,"href":"https:\/\/lidz.co\/index.php\/wp-json\/wp\/v2\/pages\/35\/revisions"}],"predecessor-version":[{"id":551,"href":"https:\/\/lidz.co\/index.php\/wp-json\/wp\/v2\/pages\/35\/revisions\/551"}],"wp:attachment":[{"href":"https:\/\/lidz.co\/index.php\/wp-json\/wp\/v2\/media?parent=35"}],"curies":[{"name":"wp","href":"https:\/\/api.w.org\/{rel}","templated":true}]}}